ivisor of 43678 and 2.
2
What is the highest common factor of 222926 and 33?
11
What is the greatest common divisor of 8559 and 33285?
951
What is the greatest common factor of 16709 and 4753?
49
Calculate the highest common factor of 13040 and 272.
16
What is the highest common factor of 229844 and 51249?
1553
What is the highest common factor of 213 and 264?
3
Calculate the greatest common factor of 204 and 3043.
17
What is the highest common factor of 5728 and 16800?
32
Calculate the greatest common divisor of 69195 and 2415.
105
Calculate the highest common divisor of 837 and 50592.
93
Calculate the greatest common divisor of 482919 and 2601.
867
What is the greatest common factor of 9751 and 107659?
199
What is the greatest common factor of 2781 and 432?
27
What is the greatest common factor of 1368 and 80541?
171
What is the greatest common factor of 192 and 20580?
12
Calculate the highest common divisor of 1625 and 1105.
65
Calculate the highest common divisor of 1064 and 9589832.
1064
What is the greatest common divisor of 13 and 170573?
13
Calculate the greatest common divisor of 33539 and 22.
11
Calculate the greatest common factor of 11000 and 314050.
550
What is the greatest common divisor of 71103 and 50343?
519
Calculate the greatest common divisor of 12 and 58602.
6
Calculate the highest common divisor of 62 and 2171674.
62
Calculate the greatest common divisor of 18 and 227358.
18
What is the highest common factor of 175650 and 150?
150
What is the greatest common divisor of 124102 and 176?
22
Calculate the highest common factor of 535 and 2814635.
535
What is the highest common factor of 4438 and 43746?
634
Calculate the greatest common factor of 718 and 775799.
359
Calculate the greatest common factor of 2285816 and 104.
104
What is the highest common divisor of 2645466 and 12?
6
Calculate the greatest common factor of 36 and 97893.
9
Calculate the highest common divisor of 855 and 10963.
19
What is the greatest common factor of 1862 and 2014?
38
What is the greatest common factor of 111 and 637473?
111
Calculate the highest common factor of 53504 and 209.
209
What is the highest common divisor of 92 and 26634?
46
Calculate the highest common divisor of 2340 and 630.
90
What is the greatest common factor of 3575693 and 11?
11
Calculate the greatest common factor of 1508348 and 12.
4
Calculate the highest common factor of 8883434 and 14.
14
Calculate the highest common divisor of 370035 and 4860.
135
What is the greatest common divisor of 1905 and 30861?
381
Calculate the greatest common divisor of 5919344 and 16.
16
What is the greatest common factor of 700 and 1204?
28
What is the highest common factor of 21 and 6819?
3
What is the greatest common factor of 216 and 254776?
8
Calculate the greatest common divisor of 908565 and 3.
3
What is the highest common factor of 35326 and 68?
34
What is the greatest common divisor of 371 and 186825?
53
What is the greatest common factor of 34 and 12252937?
17
What is the greatest common divisor of 5751 and 72?
9
Calculate the greatest common divisor of 72 and 748404.
36
Calculate the greatest common divisor of 11005 and 42625.
155
Calculate the greatest common divisor of 30 and 192798.
6
What is the greatest common divisor of 329 and 497?
7
Calculate the highest common divisor of 6741 and 171.
9
Calculate the greatest common factor of 33410 and 78.
26
Calculate the greatest common divisor of 2 and 3549472.
2
What is the greatest common divisor of 163 and 50?
1
Calculate the greatest common factor of 325008 and 3660.
732
What is the greatest common divisor of 254 and 1501902?
254
What is the greatest common divisor of 20 and 72460?
20
What is the greatest common divisor of 618202 and 20150?
806
Calculate the greatest common factor of 3822 and 1050.
42
Calculate the greatest common divisor of 7801039 and 2242.
1121
Calculate the highest common divisor of 13225 and 59225.
575
Calculate the highest common divisor of 30 and 4992945.
15
Calculate the greatest common factor of 23086 and 84.
14
What is the greatest common factor of 1141 and 2212?
7
Calculate the greatest common factor of 24420 and 715.
55
What is the highest common divisor of 260 and 322504?
52
What is the highest common divisor of 79528 and 184?
8
Calculate the greatest common divisor of 3641382 and 135.
27
Calculate the highest common divisor of 308696 and 8.
8
What is the greatest common factor of 35872 and 43168?
608
What is the greatest common factor of 132 and 24132?
12
What is the greatest common factor of 3906 and 5523?
21
What is the greatest common divisor of 10702805 and 185?
185
Calculate the greatest common divisor of 276 and 53508.
12
Calculate the greatest common factor of 316 and 124504.
316
What is the greatest common divisor of 18 and 27042?
6
What is the greatest common factor of 117 and 252096?
39
Calculate the highest common divisor of 234 and 106353.
117
Calculate the highest common divisor of 14 and 215047.
7
What is the highest common factor of 45129 and 189?
21
What is the greatest common factor of 20412 and 15057?
63
Calculate the greatest common factor of 4218 and 24833.
19
What is the greatest common divisor of 6 and 46334?
2
Calculate the highest common divisor of 36 and 47556.
36
Calculate the highest common factor of 21791 and 924.
77
Calculate the greatest common divisor of 675 and 20061.
27
What is the highest common divisor of 779 and 855?
19
Calculate the greatest common factor of 185816 and 40.
8
What is the greatest common divisor of 6912 and 29664?
288
Calculate the greatest common divisor of 21108 and 354.
6
What is the highest common divisor of 409521 and 42?
21
Calculate the greatest common factor of 16 and 10928.
16
What is the greatest common factor of 26467 and 76?
19
Calculate the greatest common divisor of 4548549 and 23.
23
Calculate the greatest common factor of 160 and 6360.
40
Calculate the highest common divisor of 109065 and 132.
33
Calculate the greatest common divisor of 724975 and 235.
235
What is the highest common divisor of 15435 and 385?
35
Calculate the greatest common divisor of 629820 and 6.
6
What is the highest common divisor of 11211 and 14847?
303
Calculate the greatest common factor of 376299 and 1323.
189
Calculate the greatest common divisor of 44 and 4248.
4
Calculate the highest common factor of 6000 and 3875.
125
What is the highest common divisor of 2940 and 198744?
588
What is the greatest common divisor of 291407 and 311?
311
Calculate the highest common divisor of 1065 and 120.
15
Calculate the greatest common factor of 30180 and 1524.
12
What is the greatest common divisor of 1615 and 323?
323
Calculate the highest common factor of 9916 and 333.
37
Calculate the highest common divisor of 328 and 7928.
8
Calculate the highest common factor of 6601 and 506.
23
What is the highest common divisor of 7938 and 83286?
126
What is the greatest common divisor of 23256 and 22389?
51
Calculate the highest common factor of 111 and 703.
37
Calculate the greatest common factor of 1920813 and 51.
51
What is the highest common divisor of 9844 and 575?
23
Calculate the greatest common factor of 636 and 12.
12
Calculate the highest common divisor of 2880 and 31232.
64
Calculate the greatest common divisor of 98 and 86842.
14
What is the highest common factor of 13604 and 6086?
358
What is the highest common factor of 750352 and 368?
368
Calculate the highest common divisor of 39627 and 25.
1
What is the greatest common divisor of 9 and 8872?
1
What is the highest common factor of 88996 and 76?
76
What is the highest common divisor of 2541 and 11154?
33
Calculate the greatest common factor of 90065 and 10.
5
Calculate the highest common divisor of 148560 and 7680.
240
Calculate the highest common divisor of 493 and 3502.
17
What is the highest common factor of 14322 and 7?
7
Calculate the highest common factor of 1334 and 6554.
58
Calculate the greatest common factor of 4354 and 6384.
14
What is the highest common divisor of 210 and 8022?
42
What is the greatest common divisor of 493 and 136561?
493
What is the greatest common factor of 113715 and 10080?
315
Calculate the greatest common divisor of 23034 and 3597.
33
What is the highest common divisor of 10021 and 3